{"id":16,"date":"2021-02-25T10:21:23","date_gmt":"2021-02-25T09:21:23","guid":{"rendered":"http:\/\/monenveloppeplastiqueopaque.fr\/?page_id=16"},"modified":"2021-04-16T11:27:49","modified_gmt":"2021-04-16T09:27:49","slug":"nos-services","status":"publish","type":"page","link":"https:\/\/monenveloppeplastiqueopaque.fr\/index.php\/nos-services\/","title":{"rendered":"A propos"},"content":{"rendered":"\t\t<div data-elementor-type=\"wp-page\" data-elementor-id=\"16\" class=\"elementor elementor-16\" data-elementor-settings=\"[]\">\n\t\t\t\t\t\t\t<div class=\"elementor-section-wrap\">\n\t\t\t\t\t\t\t<section class=\"elementor-section elementor-top-section elementor-element elementor-element-6b15a0a elementor-section-boxed elementor-section-height-default elementor-section-height-default\" data-id=\"6b15a0a\" data-element_type=\"section\">\n\t\t\t\t\t\t<div class=\"elementor-container elementor-column-gap-default\">\n\t\t\t\t\t<div class=\"elementor-column elementor-col-100 elementor-top-column elementor-element elementor-element-0c8bdaf\" data-id=\"0c8bdaf\" data-element_type=\"column\">\n\t\t\t<div class=\"elementor-widget-wrap elementor-element-populated\">\n\t\t\t\t\t\t\t\t<div class=\"elementor-element elementor-element-25c2e68 elementor-widget elementor-widget-heading\" data-id=\"25c2e68\" data-element_type=\"widget\" data-widget_type=\"heading.default\">\n\t\t\t\t<div class=\"elementor-widget-container\">\n\t\t\t<h2 class=\"elementor-heading-title elementor-size-default\">A propos de Mon enveloppe plastique opaque<\/h2>\t\t<\/div>\n\t\t\t\t<\/div>\n\t\t\t\t\t<\/div>\n\t\t<\/div>\n\t\t\t\t\t\t\t<\/div>\n\t\t<\/section>\n\t\t\t\t<section class=\"elementor-section elementor-top-section elementor-element elementor-element-fd30116 elementor-section-boxed elementor-section-height-default elementor-section-height-default\" data-id=\"fd30116\" data-element_type=\"section\">\n\t\t\t\t\t\t<div class=\"elementor-container elementor-column-gap-default\">\n\t\t\t\t\t<div class=\"elementor-column elementor-col-50 elementor-top-column elementor-element elementor-element-0d6dcf3\" data-id=\"0d6dcf3\" data-element_type=\"column\">\n\t\t\t<div class=\"elementor-widget-wrap elementor-element-populated\">\n\t\t\t\t\t\t\t\t<div class=\"elementor-element elementor-element-e0ca446 elementor-widget elementor-widget-image\" data-id=\"e0ca446\" data-element_type=\"widget\" data-widget_type=\"image.default\">\n\t\t\t\t<div class=\"elementor-widget-container\">\n\t\t\t\t\t<div class=\"elementor-image\">\n\t\t\t\t\t\t\t\t\t\t<img loading=\"lazy\" decoding=\"async\" width=\"500\" height=\"500\" src=\"https:\/\/monenveloppeplastiqueopaque.fr\/wp-content\/uploads\/2021\/04\/Mon-enveloppe-plastique.png\" class=\"attachment-large size-large\" alt=\"\" srcset=\"https:\/\/monenveloppeplastiqueopaque.fr\/wp-content\/uploads\/2021\/04\/Mon-enveloppe-plastique.png 500w, https:\/\/monenveloppeplastiqueopaque.fr\/wp-content\/uploads\/2021\/04\/Mon-enveloppe-plastique-300x300.png 300w, https:\/\/monenveloppeplastiqueopaque.fr\/wp-content\/uploads\/2021\/04\/Mon-enveloppe-plastique-150x150.png 150w\" sizes=\"(max-width: 500px) 100vw, 500px\" \/>\t\t\t\t\t\t\t\t\t\t\t<\/div>\n\t\t\t\t<\/div>\n\t\t\t\t<\/div>\n\t\t\t\t\t<\/div>\n\t\t<\/div>\n\t\t\t\t<div class=\"elementor-column elementor-col-50 elementor-top-column elementor-element elementor-element-d9f98a5\" data-id=\"d9f98a5\" data-element_type=\"column\">\n\t\t\t<div class=\"elementor-widget-wrap elementor-element-populated\">\n\t\t\t\t\t\t\t\t<div class=\"elementor-element elementor-element-930cd8f elementor-widget elementor-widget-text-editor\" data-id=\"930cd8f\" data-element_type=\"widget\" data-widget_type=\"text-editor.default\">\n\t\t\t\t<div class=\"elementor-widget-container\">\n\t\t\t\t\t<div class=\"elementor-text-editor elementor-clearfix\"><p><\/p><p style=\"font-size: 14px; color: #3c4858; font-family: Abel;\"><span style=\"font-size: inherit; color: #37221f; font-family: Ovo, sans-serif; font-style: italic; text-align: justify;\">Les mots du fondateur:\u00a0<\/span><\/p><p style=\"font-size: 14px; color: #37221f; font-family: Ovo, sans-serif; font-style: italic; text-align: justify;\"><span style=\"font-size: inherit;\">\u00ab\u00a0<\/span><span style=\"font-size: inherit;\">La technologie permet de cr\u00e9er de nouveaux usages et de nous faciliter notre quotidien. Mais attention de ne pas confondre l\u2019utile et le superflus non n\u00e9cessaire. Chez Monenveloppeplastiqueopaque, situ\u00e9s \u00e0 Nantes, nous sommes convaincus que l\u2019humain doit rester au centre et que les innovations doivent \u00eatre \u00e0 son service. C\u2019est pourquoi, nous d\u00e9veloppons de nouvelles solutions afin de vous faciliter l\u2019achat de vos emballages personnalis\u00e9s. Au del\u00e0 de vous proposer un produit remarquable nous vous offrons une \u00e9coute et un accompagnement sur mesure. Vous ne serez pas qu\u2019un num\u00e9ro client !\u201d<\/span><\/p><p style=\"font-size: 14px; color: #37221f; font-family: Ovo, sans-serif; font-style: italic; text-align: justify;\"><o:p><\/o:p><\/p><p style=\"font-size: 14px; color: #37221f; font-family: Ovo, sans-serif; font-style: italic; text-align: justify;\"><span style=\"font-size: inherit;\">Mon enveloppe Plastique Opaque est une marque de Pack-e.<\/span><\/p><\/div>\n\t\t\t\t<\/div>\n\t\t\t\t<\/div>\n\t\t\t\t<div class=\"elementor-element elementor-element-f5431d0 elementor-align-center elementor-widget elementor-widget-button\" data-id=\"f5431d0\" data-element_type=\"widget\" data-widget_type=\"button.default\">\n\t\t\t\t<div class=\"elementor-widget-container\">\n\t\t\t\t\t<div class=\"elementor-button-wrapper\">\n\t\t\t<a href=\"https:\/\/www.pack-e.fr\/\" class=\"elementor-button-link elementor-button elementor-size-sm\" role=\"button\">\n\t\t\t\t\t\t<span class=\"elementor-button-content-wrapper\">\n\t\t\t\t\t\t<span class=\"elementor-button-text\">D\u00e9couvrez Pack-e<\/span>\n\t\t<\/span>\n\t\t\t\t\t<\/a>\n\t\t<\/div>\n\t\t\t\t<\/div>\n\t\t\t\t<\/div>\n\t\t\t\t\t<\/div>\n\t\t<\/div>\n\t\t\t\t\t\t\t<\/div>\n\t\t<\/section>\n\t\t\t\t<section class=\"elementor-section elementor-top-section elementor-element elementor-element-1bc4be0 elementor-section-boxed elementor-section-height-default elementor-section-height-default\" data-id=\"1bc4be0\" data-element_type=\"section\">\n\t\t\t\t\t\t<div class=\"elementor-container elementor-column-gap-default\">\n\t\t\t\t\t<div class=\"elementor-column elementor-col-100 elementor-top-column elementor-element elementor-element-75617b6\" data-id=\"75617b6\" data-element_type=\"column\">\n\t\t\t<div class=\"elementor-widget-wrap elementor-element-populated\">\n\t\t\t\t\t\t\t\t<div class=\"elementor-element elementor-element-e1c28ce elementor-widget elementor-widget-spacer\" data-id=\"e1c28ce\" data-element_type=\"widget\" data-widget_type=\"spacer.default\">\n\t\t\t\t<div class=\"elementor-widget-container\">\n\t\t\t\t\t<div class=\"elementor-spacer\">\n\t\t\t<div class=\"elementor-spacer-inner\"><\/div>\n\t\t<\/div>\n\t\t\t\t<\/div>\n\t\t\t\t<\/div>\n\t\t\t\t<div class=\"elementor-element elementor-element-fcb34fe elementor-widget elementor-widget-heading\" data-id=\"fcb34fe\" data-element_type=\"widget\" data-widget_type=\"heading.default\">\n\t\t\t\t<div class=\"elementor-widget-container\">\n\t\t\t<h2 class=\"elementor-heading-title elementor-size-default\">Ils nous font confiance<\/h2>\t\t<\/div>\n\t\t\t\t<\/div>\n\t\t\t\t<div class=\"elementor-element elementor-element-daf90d5 elementor-widget elementor-widget-spacer\" data-id=\"daf90d5\" data-element_type=\"widget\" data-widget_type=\"spacer.default\">\n\t\t\t\t<div class=\"elementor-widget-container\">\n\t\t\t\t\t<div class=\"elementor-spacer\">\n\t\t\t<div class=\"elementor-spacer-inner\"><\/div>\n\t\t<\/div>\n\t\t\t\t<\/div>\n\t\t\t\t<\/div>\n\t\t\t\t\t<\/div>\n\t\t<\/div>\n\t\t\t\t\t\t\t<\/div>\n\t\t<\/section>\n\t\t\t\t<section class=\"elementor-section elementor-top-section elementor-element elementor-element-fa8da8a elementor-section-boxed elementor-section-height-default elementor-section-height-default\" data-id=\"fa8da8a\" data-element_type=\"section\">\n\t\t\t\t\t\t<div class=\"elementor-container elementor-column-gap-default\">\n\t\t\t\t\t<div class=\"elementor-column elementor-col-33 elementor-top-column elementor-element elementor-element-f2d5c97\" data-id=\"f2d5c97\" data-element_type=\"column\">\n\t\t\t<div class=\"elementor-widget-wrap elementor-element-populated\">\n\t\t\t\t\t\t\t\t<div class=\"elementor-element elementor-element-fce6d2c elementor-widget elementor-widget-image\" data-id=\"fce6d2c\" data-element_type=\"widget\" data-widget_type=\"image.default\">\n\t\t\t\t<div class=\"elementor-widget-container\">\n\t\t\t\t\t<div class=\"elementor-image\">\n\t\t\t\t\t\t\t\t\t\t<img loading=\"lazy\" decoding=\"async\" width=\"301\" height=\"81\" src=\"https:\/\/monenveloppeplastiqueopaque.fr\/wp-content\/uploads\/2021\/04\/optilog-removebg-preview2.png\" class=\"attachment-large size-large\" alt=\"\" \/>\t\t\t\t\t\t\t\t\t\t\t<\/div>\n\t\t\t\t<\/div>\n\t\t\t\t<\/div>\n\t\t\t\t\t<\/div>\n\t\t<\/div>\n\t\t\t\t<div class=\"elementor-column elementor-col-33 elementor-top-column elementor-element elementor-element-d40927b\" data-id=\"d40927b\" data-element_type=\"column\">\n\t\t\t<div class=\"elementor-widget-wrap elementor-element-populated\">\n\t\t\t\t\t\t\t\t<div class=\"elementor-element elementor-element-7bef459 elementor-widget elementor-widget-image\" data-id=\"7bef459\" data-element_type=\"widget\" data-widget_type=\"image.default\">\n\t\t\t\t<div class=\"elementor-widget-container\">\n\t\t\t\t\t<div class=\"elementor-image\">\n\t\t\t\t\t\t\t\t\t\t<img loading=\"lazy\" decoding=\"async\" width=\"395\" height=\"182\" src=\"https:\/\/monenveloppeplastiqueopaque.fr\/wp-content\/uploads\/2021\/04\/igs_logistics-removebg-preview.png\" class=\"attachment-large size-large\" alt=\"\" srcset=\"https:\/\/monenveloppeplastiqueopaque.fr\/wp-content\/uploads\/2021\/04\/igs_logistics-removebg-preview.png 395w, https:\/\/monenveloppeplastiqueopaque.fr\/wp-content\/uploads\/2021\/04\/igs_logistics-removebg-preview-300x138.png 300w\" sizes=\"(max-width: 395px) 100vw, 395px\" \/>\t\t\t\t\t\t\t\t\t\t\t<\/div>\n\t\t\t\t<\/div>\n\t\t\t\t<\/div>\n\t\t\t\t\t<\/div>\n\t\t<\/div>\n\t\t\t\t<div class=\"elementor-column elementor-col-33 elementor-top-column elementor-element elementor-element-4dfb3ad\" data-id=\"4dfb3ad\" data-element_type=\"column\">\n\t\t\t<div class=\"elementor-widget-wrap elementor-element-populated\">\n\t\t\t\t\t\t\t\t<div class=\"elementor-element elementor-element-3c6abb7 elementor-widget elementor-widget-image\" data-id=\"3c6abb7\" data-element_type=\"widget\" data-widget_type=\"image.default\">\n\t\t\t\t<div class=\"elementor-widget-container\">\n\t\t\t\t\t<div class=\"elementor-image\">\n\t\t\t\t\t\t\t\t\t\t<img loading=\"lazy\" decoding=\"async\" width=\"564\" height=\"217\" src=\"https:\/\/monenveloppeplastiqueopaque.fr\/wp-content\/uploads\/2021\/04\/antelliq-removebg-preview.png\" class=\"attachment-large size-large\" alt=\"\" srcset=\"https:\/\/monenveloppeplastiqueopaque.fr\/wp-content\/uploads\/2021\/04\/antelliq-removebg-preview.png 564w, https:\/\/monenveloppeplastiqueopaque.fr\/wp-content\/uploads\/2021\/04\/antelliq-removebg-preview-300x115.png 300w\" sizes=\"(max-width: 564px) 100vw, 564px\" \/>\t\t\t\t\t\t\t\t\t\t\t<\/div>\n\t\t\t\t<\/div>\n\t\t\t\t<\/div>\n\t\t\t\t\t<\/div>\n\t\t<\/div>\n\t\t\t\t\t\t\t<\/div>\n\t\t<\/section>\n\t\t\t\t\t\t<\/div>\n\t\t\t\t\t<\/div>\n\t\t","protected":false},"excerpt":{"rendered":"<p>A propos de Mon enveloppe plastique opaque Les mots du fondateur:\u00a0 \u00ab\u00a0La technologie permet de cr\u00e9er de nouveaux usages et de nous faciliter notre quotidien. Mais attention de ne pas confondre l\u2019utile et le superflus non n\u00e9cessaire. Chez Monenveloppeplastiqueopaque, situ\u00e9s \u00e0 Nantes, nous sommes convaincus que l\u2019humain doit rester au [&hellip;]<\/p>\n","protected":false},"author":1,"featured_media":0,"parent":0,"menu_order":0,"comment_status":"closed","ping_status":"closed","template":"page-templates\/template-pagebuilder-full-width.php","meta":{"footnotes":""},"_links":{"self":[{"href":"https:\/\/monenveloppeplastiqueopaque.fr\/index.php\/wp-json\/wp\/v2\/pages\/16"}],"collection":[{"href":"https:\/\/monenveloppeplastiqueopaque.fr\/index.php\/wp-json\/wp\/v2\/pages"}],"about":[{"href":"https:\/\/monenveloppeplastiqueopaque.fr\/index.php\/wp-json\/wp\/v2\/types\/page"}],"author":[{"embeddable":true,"href":"https:\/\/monenveloppeplastiqueopaque.fr\/index.php\/wp-json\/wp\/v2\/users\/1"}],"replies":[{"embeddable":true,"href":"https:\/\/monenveloppeplastiqueopaque.fr\/index.php\/wp-json\/wp\/v2\/comments?post=16"}],"version-history":[{"count":38,"href":"https:\/\/monenveloppeplastiqueopaque.fr\/index.php\/wp-json\/wp\/v2\/pages\/16\/revisions"}],"predecessor-version":[{"id":332,"href":"https:\/\/monenveloppeplastiqueopaque.fr\/index.php\/wp-json\/wp\/v2\/pages\/16\/revisions\/332"}],"wp:attachment":[{"href":"https:\/\/monenveloppeplastiqueopaque.fr\/index.php\/wp-json\/wp\/v2\/media?parent=16"}],"curies":[{"name":"wp","href":"https:\/\/api.w.org\/{rel}","templated":true}]}}